 the prime factors of h(v).
3, 29
Let j(i) = i**2 + 2*i + 48. Let p be j(0). Suppose q - p = -3*q. What are the prime factors of q?
2, 3
Let y = 22 + -18. Suppose 0*r + r - y*i - 2 = 0, -2*i - 22 = -2*r. Let w(n) = -n**2 + 17*n + 8. What are the prime factors of w(r)?
2, 5
Suppose 2*q = 5*q - 9. Let a(z) = 8*z**2 - 1. List the prime factors of a(q).
71
Suppose 2*x + x = 12. Suppose 4*i = -4, u - 4*i - 14 = -4*u. Suppose 0 = -x*a + u*a + 52. List the prime factors of a.
2, 13
Let w(c) = 2*c**2 - 20*c + 312. List the prime factors of w(17).
2, 5, 11
Let q(i) = -23*i + 55. What are the prime factors of q(-9)?
2, 131
Let b be 4/(-4)*-1 - 0. Let y = b - 7. Let t = 13 - y. List the prime factors of t.
19
Let w(v) = -411*v - 391. List the prime factors of w(-4).
7, 179
Suppose 49 = -4*d + 11*d. Suppose 0 = -d*q + 4*q + 321. What are the prime factors of q?
107
Let k be -2 - -2 - (-20 - -2). Suppose -2*b + k = b. Suppose -m + b*m = 145. What are the prime factors of m?
29
Let n be 4 + 1 - 2/1. Let z be (5 + n)*(-78)/8. Let x = z - -110. What are the prime factors of x?
2
Suppose -2*t + 8 = -4*p + t, 22 = -2*p - 3*t. Suppose 36 = -3*m + 24. What are the prime factors of (-10 + p)*m/10?
2, 3
Let u be (-17 + 14)*(3 - 0). Let q(b) = b**2 - 5*b + 45. What are the prime factors of q(u)?
3, 19
Suppose 957 = 3*a + 5*k, 0 = -a - 3*k + 194 + 129. What are the prime factors of a?
2, 157
List the prime factors of (426/(-1))/(6/(-3)).
3, 71
Suppose 7*c - 9*c = -6. Suppose -c*o = 4*b - 2*b - 90, -4*b - o + 190 = 0. Let j = b - 13. List the prime factors of j.
5, 7
List the prime factors of (9/2)/(-9) + 1509/2.
2, 13, 29
What are the prime factors of 871/7 - 12/(-84)*-3?
2, 31
Let f(a) be the third derivative of -31*a**4/12 - 11*a**3/3 + 6*a**2. What are the prime factors of f(-5)?
2, 3
Let c(g) = -3*g**3 - 5*g**2 + 16*g - 20. What are the prime factors of c(-7)?
2, 163
List the prime factors of (-4)/8*((-7140)/7 + -4).
2
Let r(d) = 15*d**2 - 4 - 1 - 19*d - 2*d + d**3. List the prime factors of r(-16).
3, 5
Let f(i) = -5*i + 34*i - 19*i - i**2 + 2*i**2. Let w be f(-15). What are the prime factors of (-50)/(-4)*120/w?
2, 5
Let q be (-24)/5*(-275)/10. Suppose 2*g = -a + 56, -3*a = 4*g + 18 - q. List the prime factors of g.
3
Suppose r - 5*r - 2666 = -3*m, 4446 = 5*m - 4*r. What are the prime factors of m?
2, 5, 89
Let x = 3 - 3. Suppose 5*u - 4*q - 26 = x, -2*u + 4 + 4 = -q. Suppose -g = -u*g + 23. List the prime factors of g.
23
Suppose r + 8 = 2*r + b, -5*r - 3*b + 30 = 0. Suppose -3*d - r*c = -d + 117, -4*d - 225 = -3*c. Let y = -34 - d. What are the prime factors of y?
23
Suppose -7 = -5*t - 4*p, 0*t + 7 = t - 2*p. Suppose 2*l - t*l - 5*d + 340 = 0, -1677 = -5*l - 2*d. List the prime factors of l.
5, 67
Suppose 4*p - 2 - 14 = 0. Suppose 3*m - 15 = -n, -10 = p*n + n - 2*m. Let r = n + 29. What are the prime factors of r?
29
Suppose 4*o - 3680 = p - 1244, -1240 = -2*o - 5*p. What are the prime factors of o?
2, 5, 61
Let l = 92 - 47. Suppose 0 = -2*n + 3*j + l, -n - 2*n = j - 84. List the prime factors of n.
3
Let d = 59 + 644. List the prime factors of d.
19, 37
Let z = 54 + 642. What are the prime factors of z?
2, 3, 29
Let m = 30 - 28. Suppose m*w - w - 82 = 0. Suppose -2*u - 26 + w = p, 3*p + 4*u = 160. What are the prime factors of p?
2, 3
Let x = 18 + -18. Suppose 4*m + x + 4 = 0. List the prime factors of (1/(-3))/(m/57).
19
Suppose 0 = 2*s - 122 + 4. Suppose 0 = -j + 2*x + s, 2*j - 118 = -3*x - 2*x. Suppose -3 = -0*b + b, 0 = 2*d + 3*b - j. What are the prime factors of d?
2, 17
Let r(m) = -m**2 + m + 9. Suppose 0 = -3*z - 0*z + 4*z. What are the prime factors of r(z)?
3
Let f(o) be the first derivative of o**3/3 + 25*o**2/2 + 24*o + 13. What are the prime factors of f(-25)?
2, 3
List the prime factors of (-6)/(3 - 31/10).
2, 3, 5
Suppose -2*q + 3*q + 6 = 3*g, 2*q + 16 = 2*g. List the prime factors of 393*(4 - (-33)/q).
131
Let f = 29 - 34. Let u(l) = -3 - 3 - 1 - 4*l. List the prime factors of u(f).
13
Let v(s) = -350*s - 53. List the prime factors of v(-10).
3, 383
Let j = -385 - -1490. List the prime factors of j.
5, 13, 17
Let c be (-9)/(-6)*(-56)/21. Let n(h) = h**2 - 13. Let r be n(c). Let k = 26 - r. What are the prime factors of k?
23
Let r(h) = -h**2 + 8*h - 3. Let n be (5 + -1)*(-3)/(-2). Let f be r(n). Let w = 32 - f. What are the prime factors of w?
23
Suppose -3*b + 4 = 2*n, 4*b - n - 12 = -2*n. What are the prime factors of (0/b)/(-4) + 213?
3, 71
List the prime factors of (0 - -1) + 19/((-38)/(-712)).
3, 7, 17
Let n(m) = -6*m**3 - m**2 - 13*m - 5. Let d be n(-5). Suppose 4*i + 121 = d. List the prime factors of i.
2, 83
Let a be (-8)/(-28) + 15/21. What are the prime factors of -3 + (-1050)/(-18) - a/3?
5, 11
Let w = -746 - -1275. List the prime factors of w.
23
Suppose -2*i = 10*t - 7*t - 5063, -2*i + 8441 = 5*t. List the prime factors of t.
3, 563
Let u = 9 + -7. Suppose x + y + 7 = 0, 5*x = u*x + 4*y - 35. List the prime factors of (-195)/x - 2/3.
3, 7
Let f = 1383 + -687. List the prime factors of f.
2, 3, 29
Suppose -29 = 2*t + 3*s, -4*t - s - 23 = -2*s. Let l = 8 + t. Suppose -h + 3*h + l = u, 2*h - 24 = -4*u. What are the prime factors of u?
5
Suppose -12490 = -5*q + 5*u, 12*u = 2*q + 14*u - 4988. What are the prime factors of q?
2, 3, 13
Suppose 2126 = 5*o - d, -o + 422 = -d - 4. What are the prime factors of o?
5, 17
Let g = -220 - -385. Suppose -2*t + g = 31. List the prime factors of t.
67
Let b = 72 - -776. List the prime factors of b.
2, 53
Let a be 0 + 1*3/3. Let d = a + 6. Suppose 3*f - 26 = d. What are the prime factors of f?
11
Let v(c) = -c - 17. Let z(b) = b**3 + 9*b**2 - 7*b + 11. Let f be z(-10). What are the prime factors of v(f)?
2
Let p(f) = -23*f + 12. Let z(a) = a - 1. Let i(h) = p(h) + 5*z(h). List the prime factors of i(-3).
61
Suppose -16*m = -14*m - 10. Suppose 13 = 4*s - 3*r, 3*r + 10 = m*s - 4*s. What are the prime factors of (6/4)/(s/18)?
3
Suppose 3*v = 5*d - 150, -d - 5*v + 56 = 2*d. Let q = d + -40. Let r = q + 16. List the prime factors of r.
3
Let c be (-5)/10 - 2/(-4). Suppose -y = -c*y - 19. What are the prime factors of y?
19
Suppose 0*x - 24 = -4*x. Let m(k) = k**3 + 14*k**2 + 14*k + 8. Let b be m(-13). Let c = x - b. List the prime factors of c.
11
Let o(q) = 2*q**2 - 1. Let k be o(0). List the prime factors of -22*k/(-6)*-36.
2, 3, 11
Let f be (-4)/(-10) - (-2)/(-5). Let d(i) = 1 + 4 + 2*i - 1. List the prime factors of d(f).
2
Let k(a) = a**2 - 1. Let c(v) = 21*v**2 + 6. Let i(j) = c(j) + 6*k(j). What are the prime factors of i(1)?
3
Let p be (-7)/(-3) + 13/(-39). What are the prime factors of 91/((-2)/(-4)*p)?
7, 13
Suppose -2581 = -4*a + 807. What are the prime factors of a?
7, 11
Let n = 126 + -23. Suppose 0 = -0*b + 2*b - 5*w - 79, -w + n = 4*b. Suppose -4*q + 12 = 2*i, 3*i - q = i + b. What are the prime factors of i?
2, 3
Let a = 136 + -232. Let q = a + 231. What are the prime factors of (2/(-5))/((-3)/q)?
2, 3
Let d = 499 + -187. List the prime factors of d.
2, 3, 13
Suppose 2*r - 7*r + 165 = 0. Let n be 159/r + 2/11. Suppose -125 = -n*v + 25. List the prime factors of v.
2, 3, 5
Let r(w) = -w**3 + 3*w**2 + 3*w - 4. Let f be r(3). What are the prime factors of ((-3)/6*179)/(f/(-10))?
179
Let s = -17 - -42. Suppose 0*u - s = u. Let a = u + 41. What are the prime factors of a?
2
Let q(k) = 33*k - 65. Let w(l) = 11*l - 22. Let f(p) = -6*q(p) + 17*w(p). Let h be f(-8). Suppose 0 = 5*x - 81 - h. What are the prime factors of x?
37
Suppose -11*k + 1057 = -252. Let q = -107 + k. What are the prime factors of q?
2, 3
Suppose -3*z = -k - 2*z + 141, 2*z - 290 = -2*k. What are the prime factors of k?
11, 13
Let r = -16 - -20. Let m be ((-7)/r)/((-7)/364). Suppose -3*b = i - 13, m = 5*i - i - b. List the prime factors of i.
2, 11
Suppose -6760 = -3*z - 2*z + 4*k, 5*z + 5*k = 6760. List the prime factors of z.
2, 13
Let r(h) = -h + 17. Let a be r(15). Suppose 4*j - 312 = -4*k - 64, 4*k = a*j - 136. List the prime factors of j.
2
List the prime factors of 2/2*5 - (-924)/3.
313
Suppose 5*y - 3*h + h - 18 = 0, -4*y - 4 = 3*h. Suppose -2*z - y*q - 287 = -3*z, 4*q = 0. What are the prime factors of z?
7, 41
Suppose 0 = -5*x + 15, -3*x + 3 = -2*n + 2. Suppose n*c = c + 12. Suppose c*u - 25 = -3*i, 6*i - u =